e -2*v - 2*v = -20. Let b(n) = -n**3 + 4*n**2 + 6*n. Let a be b(v). Suppose 0 = 4*l - a - 3. What is the units digit of l?
2
Let q = -45 - 3. Let h be q/18*6/4. What is the units digit of ((-2)/4)/(h/64)?
8
Suppose 0 = h - 0*h - 5. Let y = h + -1. Suppose 42 - 10 = y*r. What is the units digit of r?
8
Let a = -101 + 186. Suppose 5*i - a = -5*p, -3*i + 23 + 12 = -p. What is the units digit of i?
3
Suppose -2*h + 209 = w, 2*h + 5*w - 87 = 142. What is the units digit of h?
2
Let k be 49/(-5) - 3/15. Let m = k + 10. Suppose -u - d + 22 = m, d = 3 + 2. What is the units digit of u?
7
Let g(o) = -o**3 - 3*o**2 + 4*o - 1. What is the tens digit of g(-5)?
2
Let l(c) = -c**2 - 7*c + 8. Let f be l(-8). Let i = 11 + f. What is the units digit of i?
1
Let a(w) = -2*w**2 + 9*w - 2. Let v(m) = -m. Let z(r) = -a(r) - 2*v(r). Let u = 18 + -13. What is the units digit of z(u)?
7
Let i(o) = o**3 + 3*o**2 - o. Let d be i(-3). Let c(w) = w**2 - 2*w + 2. What is the units digit of c(d)?
5
Suppose 2*z + 2*j - 6*j = 88, 4*z - 2*j - 188 = 0. What is the tens digit of z?
4
Let c(b) = b**2 - 4*b + 4. Let l be c(3). Let d be 1/3 - (-5)/3. Let p = l + d. What is the units digit of p?
3
Suppose 5*j = 4*j + 2. Suppose -5*z + 2*z = -i - 114, 5*z - 190 = -j*i. What is the tens digit of z?
3
Let h be (-15)/(-9) + 4/(-6). Let r = h + 4. Suppose 55 = r*k - 0*k. What is the units digit of k?
1
Suppose 0*p + 2*p = 5*w + 20, -12 = 4*p + 3*w. Let g = 7 - p. What is the units digit of g?
7
Suppose -y - 306 = -4*z, 5*z = -5*y + 2*y + 391. What is the units digit of z?
7
What is the units digit of 56 + 0 + (-7 + 7)/(-1)?
6
Let u(o) = -2*o + 13 - 4*o + 5*o + 0*o. What is the units digit of u(9)?
4
Let c = -144 - -263. What is the hundreds digit of c?
1
Let i(u) = 6*u - 1. Let o be i(2). Let x = -1 + o. What is the units digit of x?
0
Let n(a) = 3*a**2 - 6*a - 3. What is the units digit of n(3)?
6
Suppose 0 = t + 2, 2*t - 4*t - 9 = w. Let c be (1 + 0)/(w/(-20)). What is the units digit of (c/(-2))/((-1)/4)?
8
Suppose m - 20 = -4*m. Suppose 0 = 3*d - 0*x - 5*x - 41, -m*d = 5*x - 43. Suppose 4*f - 44 = 3*j, -f + 4*j + d = 3*j. What is the units digit of f?
8
Let p(m) = -m**2 + 14. Let d be 0/(-2 + 0/(-1)). What is the tens digit of p(d)?
1
Let i = 193 + -100. Suppose o = -3*y + 51, -4*y - y + o = -i. What is the units digit of y?
8
Let o(v) = -v**3 - v**2 + v - 8. Let g be o(0). Let z = g - -11. What is the units digit of z?
3
Let a(k) = k**3 + k**2 - 2*k. Let r be a(-2). Suppose r = -4*u - 3*v + 79, v = 3*u + u - 75. What is the tens digit of u?
1
Suppose -119 = -f + 50. What is the tens digit of f?
6
Suppose -5*j + 33 = -2*j. Suppose 1 = -a + j. What is the units digit of a?
0
Suppose -2*f + f + 4 = 0. Let o(t) = 12*t**2 + 2. Let n be o(-3). Suppose f*u - n = -38. What is the units digit of u?
8
Let p(l) = -l**2 + 14*l - 22. What is the tens digit of p(5)?
2
Suppose -4*h - 62 = 2. Let w be 14/10 + h/40. Suppose -p + w = a - 7, 2*p - 19 = a. What is the units digit of p?
9
Let d = 8 + -14. Let p be 2/(-1) - d/2. Suppose m - 7 = -a, 2*m - 4*m - p = -3*a. What is the units digit of a?
3
Let v = -44 + 18. Let j = 68 + v. What is the units digit of j?
2
Let d(l) = -8*l**2 + l - 3. Let j(i) = i**2 - i + 1. Let r(a) = -d(a) - 5*j(a). What is the units digit of r(-4)?
0
Let o(h) = -h**3 - h**2 - 1. Let v(d) = 7*d**3 + 10*d**2 - 7*d + 2. Let w(u) = 6*o(u) + v(u). What is the units digit of w(-5)?
6
Let s = -10 + 14. Suppose -85 - 95 = -s*p. Suppose -4*i = -i - p. What is the tens digit of i?
1
Let r be 6/(-5) - 2/(-10). Let c be r + (-18)/(-2) - 3. Suppose t - 2*t = 0, c*a = 2*t + 50. What is the tens digit of a?
1
Let q(a) = -a + 23. Suppose 4*g = g. What is the units digit of q(g)?
3
Let x = 67 - -187. What is the hundreds digit of x?
2
Let s = 9 + -7. Suppose 4*t - 5*a = 61, 3*t + s*a - 45 = 6*a. What is the tens digit of t?
1
Let t be 77/21*(1 + 2). What is the units digit of 1 + -1 - (t + -51)?
0
Let v = -79 - -152. What is the tens digit of v?
7
Let g(r) = r**2 + 7*r + 3. Let q be (3/3)/((-1)/7). Let i be g(q). Suppose i*d - 14 = -5. What is the units digit of d?
3
Let k(v) = -v**3 + 4*v**2 + 3*v + 4. Let h be k(5). Let w = -9 - -6. Let n = w - h. What is the units digit of n?
3
Let o = -48 - -74. What is the tens digit of o?
2
Let k = 91 - 65. What is the tens digit of k?
2
Let m = -82 + 141. What is the tens digit of m?
5
Let u(d) = -d**2 + 4*d - 1. Let j be u(2). Suppose -j*w + w = -28. What is the tens digit of w?
1
Let b = 18 - -1. Suppose -4*t + b = 3. Suppose 1 - t = -c. What is the units digit of c?
3
Let n be 4/3 + (-12)/(-18). Let v = -1 - n. What is the units digit of (-3)/v - (-1 - 0)?
2
Let u(x) = x**2 - 5*x - 8. Suppose o = -4*h + 3, -4*o + h = 6*h - 23. What is the units digit of u(o)?
6
Let b = 23 + -19. Suppose 5*s - 116 = -3*c + s, -8 = -b*s. What is the units digit of c?
6
Suppose 0*f - 4*f = -16, -5*f + 132 = 4*x. What is the units digit of x?
8
Let r = -6 - -29. What is the units digit of r?
3
Let w(h) = -12*h**2 + 14*h + 10. Let m(s) = s**2 - s - 1. Let g(i) = -22*m(i) - 2*w(i). Let t be g(4). Let x = 19 - t. What is the units digit of x?
9
What is the tens digit of (-1 - -2)*744/8?
9
Let b(k) be the first derivative of -2 + 4*k - 1/2*k**2. What is the tens digit of b(-6)?
1
Suppose 3*d - 6 = -5*m, m - 2*d = 3*d + 18. Suppose 5*b - 3*b + 16 = 2*i, -4*b = -m*i + 28. Suppose -r - i*r + 90 = 0. What is the tens digit of r?
1
Let h be (-435)/45 + 4/6. Let x = 55 + h. What is the units digit of x?
6
Let i = -6 + 7. Let a be -2 + (-40)/(-3 - -1). What is the units digit of a + -1 - i*-2?
9
Suppose -5*c = -c - 376. What is the units digit of c?
4
Suppose 4*b - 725 - 559 = 0. What is the tens digit of b?
2
Let u(i) = 3*i + 2. Suppose 5*l - q + 3*q = -119, l - 3*q + 34 = 0. Let r be (-3)/5*l/5. What is the tens digit of u(r)?
1
Let o(w) = 2*w**2 - w - 11. What is the tens digit of o(6)?
5
Let b = 6 - -30. What is the tens digit of b?
3
Let d = -3 + 2. Let k = d - 2. What is the units digit of 3*2/k*-4?
8
Let t = -20 + 21. Let x = 1 - 8. Let d = t - x. What is the units digit of d?
8
Let z be (4 + -4)/(-2 - -1). Let n be 0 - z - (2 + -4). What is the units digit of -5*(n - 16/5)?
6
Let m = -8 - -11. Suppose t - m*t + 70 = 0. Suppose -5*d = -0*d - t. What is the units digit of d?
7
Suppose 7*t = 5*t + 10. What is the units digit of t?
5
Let y = 4 - -7. Suppose 3*a = y + 40. What is the units digit of a?
7
Let j = 111 - 75. What is the units digit of j?
6
Let s be 4/(-8) - (-26)/4. Let y(t) = 0*t + 1 + t**2 - 4*t + s*t - 3*t. What is the units digit of y(3)?
7
Let p be 6/(-12)*0/1. Let f(l) = -3*l + l**2 + 5*l**3 + p*l + 2*l. What is the units digit of f(1)?
5
Let r(q) = -5*q. What is the units digit of r(-1)?
5
Let u(k) = 7*k**2 - k + 2*k**2 + 0*k**2. What is the units digit of u(-1)?
0
Let t(r) be the first derivative of -r**2/2 - 8*r + 1. Let k be t(-10). Suppose -8 = k*o - 28. What is the tens digit of o?
1
Let y(r) = r**3 + 5*r**2 - r. What is the tens digit of y(-3)?
2
Let h(c) = c**3 - 7*c**2 - 3*c - 2. What is the tens digit of h(8)?
3
Let a(z) = z**2 + 3*z + 10. Suppose -5*v = -h - 2*h + 47, -2*h = v - 1. What is the tens digit of a(v)?
3
Let p(o) = 3*o - 10. Let u(w) be the second derivative of -w**2/2 - 3*w. Let x(t) = p(t) - 3*u(t). What is the units digit of x(8)?
7
Let s = -9 + 15. Let n be ((-40)/s)/5*-3. Let u = n - 0. What is the units digit of u?
4
Suppose 4*i - 5*z - 16 = -4*z, 4*z - 16 = -4*i. Let f be 2/i - 2/4. What is the units digit of -2 - (f - -1)*-5?
3
What is the tens digit of 14 - (-4 - -6 - 0)?
1
Suppose 1 = 5*h - 24. Suppose 3*w - 24 = -3*j - 0*j, -13 = -2*w - h*j. What is the units digit of w?
9
Suppose 3*g + 0*g = -4*i + 124, -g - i + 41 = 0. Suppose -n - 4*x = n - 22, 2*n = 5*x + g. What is the units digit of n?
5
Let l(y) = y**3 + 0*y**2 - 2*y**2 - 9*y + 9*y**2. Let j be l(-8). Let i = j + -1. What is the units digit of i?
7
Suppose -6 = 5*k - 1. Let g(f) = -f**3 + 1. Let a be g(k). What is the units digit of a/10 + (-42)/(-15)?
3
Suppose -5*p = -564 - 406. What is the tens digit of p?
9
Let d(x) = -6*x**3 + 3*x**2 - x - 1. What is the hundreds digit of d(-4)?
4
What is the hundreds digit of -7 - 40/(-8) - 28*-13?
3
Let c(y) = -y**3 - 3*y 